{"id":56,"date":"2019-11-27T18:55:00","date_gmt":"2019-11-27T18:55:00","guid":{"rendered":"\/cmqnuevo2020\/?page_id=56"},"modified":"2019-11-28T22:17:59","modified_gmt":"2019-11-28T22:17:59","slug":"nosotros","status":"publish","type":"page","link":"\/cmqnuevo2020\/nosotros\/","title":{"rendered":"Nosotros"},"content":{"rendered":"<p>[et_pb_section fb_built=\u00bb1&#8243; admin_label=\u00bbHeader\u00bb module_class=\u00bbddd_services_header\u00bb _builder_version=\u00bb3.22&#8243; background_image=\u00bb\/cmqnuevo2020\/wp-content\/uploads\/2019\/11\/medical-532750-1-scaled.jpg\u00bb custom_margin=\u00bb|||\u00bb custom_padding=\u00bb54px|0px|0px|0px\u00bb hover_enabled=\u00bb0&#8243; custom_css_before=\u00bb content: %22%22;|| display: block;|| background-color: #000;|| position: absolute;|| top: 0;|| left: 0;|| width: 100%;|| height: 100%;|| opacity: 0.55;\u00bb fb_built=\u00bb1&#8243; _i=\u00bb0&#8243; _address=\u00bb0&#8243;][et_pb_row column_structure=\u00bb1_2,1_2&#8243; custom_padding_last_edited=\u00bbon|tablet\u00bb admin_label=\u00bbHeader\u00bb _builder_version=\u00bb3.25&#8243; background_size=\u00bbinitial\u00bb background_position=\u00bbtop_left\u00bb background_repeat=\u00bbrepeat\u00bb max_width=\u00bb1175px\u00bb custom_margin=\u00bb|auto|-229px|auto||\u00bb custom_padding=\u00bb9.5%||15.25%|\u00bb custom_padding_tablet=\u00bb9.5%||120px|\u00bb use_custom_width=\u00bbon\u00bb custom_width_px=\u00bb1175px\u00bb _i=\u00bb0&#8243; _address=\u00bb0.0&#8243;][et_pb_column type=\u00bb1_2&#8243; _builder_version=\u00bb3.25&#8243; custom_padding=\u00bb|||\u00bb _i=\u00bb0&#8243; _address=\u00bb0.0.0&#8243; custom_padding__hover=\u00bb|||\u00bb][et_pb_text admin_label=\u00bbOur Services\u00bb _builder_version=\u00bb3.27.4&#8243; text_font=\u00bbPoppins|500|||||||\u00bb text_text_color=\u00bb#ffffff\u00bb text_font_size=\u00bb60px\u00bb text_letter_spacing=\u00bb0.3px\u00bb text_line_height=\u00bb60px\u00bb background_layout=\u00bbdark\u00bb custom_margin=\u00bb|||-1px\u00bb custom_margin_tablet=\u00bb||0px|-1px\u00bb custom_margin_last_edited=\u00bbon|tablet\u00bb text_font_size_tablet=\u00bb40&#8243; text_font_size_phone=\u00bb30&#8243; text_font_size_last_edited=\u00bbon|phone\u00bb _i=\u00bb0&#8243; _address=\u00bb0.0.0.0&#8243;]<\/p>\n<p>Nosotros<\/p>\n<p><img loading=\"lazy\" src=\"\/cmqnuevo2020\/wp-content\/uploads\/2019\/11\/logo-cmq-1-300x149-1.png\" alt=\"\" class=\"wp-image-214302 alignnone size-medium\" width=\"300\" height=\"149\" \/><\/p>\n<p>[\/et_pb_text][\/et_pb_column][et_pb_column type=\u00bb1_2&#8243; _builder_version=\u00bb3.25&#8243; custom_padding=\u00bb|||\u00bb _i=\u00bb1&#8243; _address=\u00bb0.0.1&#8243; custom_padding__hover=\u00bb|||\u00bb][et_pb_video src=\u00bbhttps:\/\/www.youtube.com\/watch?v=s7bYjUbd2Z0&#8243; _builder_version=\u00bb3.27.4&#8243; hover_enabled=\u00bb0&#8243;][\/et_pb_video][\/et_pb_column][\/et_pb_row][\/et_pb_section][et_pb_section fb_built=\u00bb1&#8243; admin_label=\u00bbWhat we offer\u00bb module_class=\u00bbddd_services_offer\u00bb _builder_version=\u00bb3.22&#8243; custom_padding=\u00bb0px|0px|0px|0px\u00bb fb_built=\u00bb1&#8243; _i=\u00bb1&#8243; _address=\u00bb1&#8243;][et_pb_row column_structure=\u00bb1_2,1_2&#8243; use_custom_gutter=\u00bbon\u00bb gutter_width=\u00bb1&#8243; custom_padding_last_edited=\u00bbon|tablet\u00bb admin_label=\u00bbWhat we offer\u00bb _builder_version=\u00bb3.25&#8243; max_width=\u00bb1175px\u00bb custom_margin=\u00bb-26px|||\u00bb custom_margin_tablet=\u00bb0px|||\u00bb custom_margin_last_edited=\u00bbon|tablet\u00bb custom_padding=\u00bb0px|0px|8.4%|0px\u00bb use_custom_width=\u00bbon\u00bb custom_width_px=\u00bb1175px\u00bb _i=\u00bb0&#8243; _address=\u00bb1.0&#8243;][et_pb_column type=\u00bb1_2&#8243; _builder_version=\u00bb3.25&#8243; custom_padding=\u00bb|||\u00bb _i=\u00bb0&#8243; _address=\u00bb1.0.0&#8243; custom_padding__hover=\u00bb|||\u00bb][et_pb_text admin_label=\u00bbSed dignissim mollis augue\u00bb _builder_version=\u00bb3.27.4&#8243; text_font=\u00bbLato||||||||\u00bb text_text_color=\u00bb#989bac\u00bb text_letter_spacing=\u00bb0.3px\u00bb text_line_height=\u00bb28px\u00bb max_width=\u00bb500px\u00bb max_width_tablet=\u00bb100%\u00bb max_width_last_edited=\u00bbon|tablet\u00bb custom_margin=\u00bb|||0px\u00bb custom_margin_tablet=\u00bb||40px|0px\u00bb custom_margin_last_edited=\u00bbon|tablet\u00bb locked=\u00bboff\u00bb _i=\u00bb0&#8243; _address=\u00bb1.0.0.0&#8243;]<\/p>\n<p>\u00a0<\/p>\n<p>En Hospital CMQ Aranda estamos comprometidos contigo a\u00a0ofrecerte el mejor servicio m\u00e9dico de alta especialidad en el Baj\u00edo\u00a0apoy\u00e1ndonos en la m\u00e1s completa tecnolog\u00eda para diagn\u00f3sticos y\u00a0tratamientos, desde los m\u00e1s comunes hasta aquellos que\u00a0representan un mayor grado de complejidad.<\/p>\n<h3><span style=\"color: #01438f;\"><strong>FILOSOF\u00cdA INSTITUCIONAL<\/strong><\/span><\/h3>\n<p><strong>MISI\u00d3N:<\/strong><\/p>\n<p>Ser una instituci\u00f3n de salud \u00e9tica con alto sentido humano, generadora de los recursos necesarios para proporcionar excelencia en los servicios, con el personal capacitado, instalaciones y tecnolog\u00eda de vanguardia, que origine seguridad, armon\u00eda y bienestar a nuestros colaboradores y a quienes servimos.<\/p>\n<p><strong>VISI\u00d3N:<\/strong><\/p>\n<p>Ser una instituci\u00f3n dedicada a la salud integral del ser humano, que cree y desarrolle servicios afines en forma responsable, que enriquezca las acciones para amar y servir a nuestros semejantes, y ser un medio digno y honesto de vida para todos los servidores de la salud, que propongan e intercambien conocimientos y recursos para lograr una vida llena de libertad, salud y felicidad.<\/p>\n<p><strong>VALORES:<\/strong><\/p>\n<p><strong>HONESTIDAD: <\/strong>hacer las cosas justas y al valor intr\u00ednseco que tienen. Decir la verdad.<\/p>\n<p><strong>RESPONSABILIDAD: <\/strong>Adquirir deberes y cumplirlos justo a tiempo. Dar la calidad.<\/p>\n<p><strong>AMISTAD: <\/strong>Crear sentimientos efectivos en toda acci\u00f3n. Dar amor.<\/p>\n<p><strong>CONOCIMIENTOS: <\/strong>Educarse y culturizarse en responsabilidad por lo cual se est\u00e1 destinando a la instituci\u00f3n en mejora continua. Impartir conocimientos.<\/p>\n<p><strong>HUMANISMO: <\/strong>Tratar a los dem\u00e1s en la medida de lo necesario con solidaridad y subsidiaridad. \u00a0Dar respeto.<\/p>\n<p><strong>\u00c9TICA: <\/strong>Estudiar el bien ser, el bien actuar y el bien com\u00fan. Creer en Dios.<\/p>\n<p>[\/et_pb_text][\/et_pb_column][et_pb_column type=\u00bb1_2&#8243; _builder_version=\u00bb3.25&#8243; custom_padding=\u00bb|||\u00bb _i=\u00bb1&#8243; _address=\u00bb1.0.1&#8243; custom_padding__hover=\u00bb|||\u00bb][et_pb_image url=\u00bbhttps:\/\/www.youtube.com\/watch?v=s7bYjUbd2Z0&#8243; align=\u00bbright\u00bb align_tablet=\u00bbcenter\u00bb align_last_edited=\u00bbon|desktop\u00bb admin_label=\u00bbImage 569 x 607 pixels\u00bb _builder_version=\u00bb3.27.4&#8243; custom_margin=\u00bb-194px|||\u00bb _i=\u00bb1&#8243; _address=\u00bb1.0.1.1&#8243;][\/et_pb_image][\/et_pb_column][\/et_pb_row][\/et_pb_section]<\/p>\n","protected":false},"excerpt":{"rendered":"<p>[et_pb_section fb_built=\u00bb1&#8243; admin_label=\u00bbHeader\u00bb module_class=\u00bbddd_services_header\u00bb _builder_version=\u00bb3.22&#8243; background_image=\u00bb\/cmqnuevo2020\/wp-content\/uploads\/2019\/11\/medical-532750-1-scaled.jpg\u00bb custom_margin=\u00bb|||\u00bb custom_padding=\u00bb54px|0px|0px|0px\u00bb hover_enabled=\u00bb0&#8243; custom_css_before=\u00bb content: %22%22;|| display: block;|| background-color: #000;|| position: absolute;|| top: 0;|| left: 0;|| width: 100%;|| height: 100%;|| opacity: 0.55;\u00bb fb_built=\u00bb1&#8243; _i=\u00bb0&#8243; _address=\u00bb0&#8243;][et_pb_row column_structure=\u00bb1_2,1_2&#8243; custom_padding_last_edited=\u00bbon|tablet\u00bb admin_label=\u00bbHeader\u00bb _builder_version=\u00bb3.25&#8243; background_size=\u00bbinitial\u00bb background_position=\u00bbtop_left\u00bb background_repeat=\u00bbrepeat\u00bb max_width=\u00bb1175px\u00bb custom_margin=\u00bb|auto|-229px|auto||\u00bb custom_padding=\u00bb9.5%||15.25%|\u00bb custom_padding_tablet=\u00bb9.5%||120px|\u00bb use_custom_width=\u00bbon\u00bb custom_width_px=\u00bb1175px\u00bb _i=\u00bb0&#8243; _address=\u00bb0.0&#8243;][et_pb_column type=\u00bb1_2&#8243; _builder_version=\u00bb3.25&#8243; custom_padding=\u00bb|||\u00bb _i=\u00bb0&#8243; _address=\u00bb0.0.0&#8243; custom_padding__hover=\u00bb|||\u00bb][et_pb_text admin_label=\u00bbOur Services\u00bb _builder_version=\u00bb3.27.4&#8243; [&hellip;]<\/p>\n","protected":false},"author":1,"featured_media":0,"parent":0,"menu_order":0,"comment_status":"closed","ping_status":"closed","template":"","meta":{"_et_pb_use_builder":"on","_et_pb_old_content":""},"_links":{"self":[{"href":"\/cmqnuevo2020\/wp-json\/wp\/v2\/pages\/56"}],"collection":[{"href":"\/cmqnuevo2020\/wp-json\/wp\/v2\/pages"}],"about":[{"href":"\/cmqnuevo2020\/wp-json\/wp\/v2\/types\/page"}],"author":[{"embeddable":true,"href":"\/cmqnuevo2020\/wp-json\/wp\/v2\/users\/1"}],"replies":[{"embeddable":true,"href":"\/cmqnuevo2020\/wp-json\/wp\/v2\/comments?post=56"}],"version-history":[{"count":5,"href":"\/cmqnuevo2020\/wp-json\/wp\/v2\/pages\/56\/revisions"}],"predecessor-version":[{"id":370,"href":"\/cmqnuevo2020\/wp-json\/wp\/v2\/pages\/56\/revisions\/370"}],"wp:attachment":[{"href":"\/cmqnuevo2020\/wp-json\/wp\/v2\/media?parent=56"}],"curies":[{"name":"wp","href":"https:\/\/api.w.org\/{rel}","templated":true}]}}